site?
False
Is 13126 composite?
True
Is 89 a prime number?
True
Is 326479 composite?
False
Is 3491 prime?
True
Is 1659005 composite?
True
Is 16183 composite?
False
Is 161079 a prime number?
False
Is 257197 composite?
True
Is 5323 prime?
True
Is 15421 a composite number?
True
Is 18807 a composite number?
True
Is 4111 a prime number?
True
Is 127994 composite?
True
Is 4666 prime?
False
Is 40981 a composite number?
True
Is 145 composite?
True
Is 51159 a prime number?
False
Is 15493 a composite number?
False
Is 2167 prime?
False
Is 8641 a composite number?
False
Is 36709 composite?
False
Is 527683 prime?
False
Is 17213 a prime number?
False
Is 82883 composite?
False
Is 737629 a composite number?
False
Is 70561 a composite number?
True
Is 56591 prime?
True
Is 174539 a composite number?
True
Is 63221 a composite number?
True
Is 128879 a prime number?
True
Is 7895 composite?
True
Is 32411 a composite number?
False
Is 185323 composite?
False
Is 7655 prime?
False
Is 8641 composite?
False
Is 3137 composite?
False
Is 22639 a composite number?
False
Is 3697 prime?
True
Is 22529 prime?
False
Is 3377 prime?
False
Is 58889 a prime number?
True
Is 270407 composite?
False
Is 57347 composite?
False
Is 124213 composite?
False
Is 41801 a prime number?
True
Is 420889 prime?
False
Is 51609 composite?
True
Is 646367 a prime number?
False
Is 152257 prime?
False
Is 3015229 a composite number?
True
Is 114743 composite?
False
Is 113 a composite number?
False
Is 998 a prime number?
False
Is 26669 composite?
False
Is 6329 a prime number?
True
Is 106235 composite?
True
Is 149143 composite?
False
Is 227251 composite?
False
Is 7807 a prime number?
False
Is 15653 a composite number?
True
Is 24593 a prime number?
True
Is 235783 composite?
False
Is 497 a prime number?
False
Is 6403 a prime number?
False
Is 25799 composite?
False
Is 637253 a composite number?
True
Is 33717 composite?
True
Is 812767 a composite number?
True
Is 87037 composite?
False
Is 5923 composite?
False
Is 5951 prime?
False
Is 103153 a composite number?
True
Is 186551 prime?
True
Is 182911 composite?
True
Is 1317 prime?
False
Is 293207 a composite number?
False
Is 71633 a composite number?
False
Is 562546 a composite number?
True
Is 4393 a prime number?
False
Is 61507 a composite number?
False
Is 104035 a prime number?
False
Is 8135 a composite number?
True
Is 16087 prime?
True
Is 1023073 prime?
False
Is 12011 prime?
True
Is 42587 prime?
False
Is 101659 a composite number?
True
Is 50237 prime?
False
Is 671219 a prime number?
True
Is 6937 a prime number?
False
Is 57607 composite?
True
Is 12271 composite?
True
Is 1495453 a composite number?
True
Is 49103 a composite number?
False
Is 389219 composite?
False
Is 318371 a composite number?
True
Is 23813 prime?
True
Is 76907 a composite number?
False
Is 1538461 a prime number?
True
Is 46489 prime?
True
Is 8605 prime?
False
Is 357767 composite?
False
Is 89753 a composite number?
False
Is 161803 composite?
True
Is 4873 composite?
True
Is 76069 composite?
True
Is 107833 a prime number?
False
Is 216091 a composite number?
False
Is 216803 prime?
True
Is 949699 a composite number?
False
Is 88993 a prime number?
True
Is 17569 a prime number?
True
Is 298133 a prime number?
False
Is 32837 prime?
False
Is 39659 composite?
False
Is 1439 composite?
False
Is 19405 a composite number?
True
Is 54455 prime?
False
Is 11917 a composite number?
True
Is 201671 prime?
False
Is 2411 a composite number?
False
Is 2616241 a prime number?
True
Is 113149 prime?
True
Is 14047 a composite number?
True
Is 77011 prime?
False
Is 3778631 prime?
False
Is 96833 composite?
True
Is 1017493 a prime number?
False
Is 38959 a prime number?
True
Is 110819 a composite number?
False
Is 3269 a composite number?
True
Is 88463 prime?
True
Is 156874 composite?
True
Is 267857 prime?
True
Is 132607 a composite number?
False
Is 478991 composite?
False
Is 321737 a composite number?
True
Is 340321 a composite number?
False
Is 542821 a composite number?
False
Is 7003 a composite number?
True
Is 33103 composite?
True
Is 107269 a composite number?
False
Is 69365 a composite number?
True
Is 3155 composite?
True
Is 8039 a prime number?
True
Is 4621 composite?
False
Is 23741 a composite number?
False
Is 5939 composite?
False
Is 3449 prime?
True
Is 165073 a composite number?
True
Is 1154 a composite number?
True
Is 72613 composite?
False
Is 18013 a prime number?
True
Is 2479 prime?
False
Is 100397 composite?
True
Is 152413 a prime number?
False
Is 2149 composite?
True
Is 260851 prime?
False
Is 585581 prime?
True
Is 1187687 prime?
True
Is 69681 a composite number?
True
Is 8537 prime?
True
Is 37483 a prime number?
True
Is 205229 prime?
False
Is 42163 a prime number?
False
Is 2561 a prime number?
False
Is 381001 prime?
True
Is 10167 prime?
False
Is 98207 a composite number?
False
Is 226102 composite?
True
Is 87149 composite?
False
Is 715667 prime?
False
Is 27443 a prime number?
False
Is 1082 a composite number?
True
Is 2435 prime?
False
Is 1164509 composite?
True
Is 282649 a composite number?
True
Is 1754 a prime number?
False
Is 379007 a composite number?
False
Is 1397 prime?
False
Is 123899 a composite number?
True
Is 2309 prime?
True
Is 81841 a prime number?
False
Is 142871 a prime number?
True
Is 394169 a prime number?
True
Is 11579 prime?
True
Is 95429 a prime number?
True
Is 18341 a composite number?
False
Is 7121 a composite number?
False
Is 145609 composite?
True
Is 438639 composite?
True
Is 6982 a prime number?
False
Is 5386 prime?
False
Is 72221 prime?
True
Is 9209 a prime number?
True
Is 27771 prime?
False
Is 37399 composite?
True
Is 152462 composite?
True
Is 11848741 a composite number?
False
Is 445751 composite?
True
Is 7801 a composite number?
True
Is 406241 a composite number?
True
Is 66919 a prime number?
True
Is 13663 composite?
True
Is 57083 prime?
False
Is 1919329 composite?
True
Is 17827 prime?
True
Is 305903 prime?
False
Is 1723 a composite number?
False
Is 566623 composite?
True
Is 379265 a prime number?
False
Is 218831 prime?
False
Is 269813 prime?
False
Is 87869 a composite number?
False
Is 102547 prime?
True
Is 37781 a composite number?
False
Is 3107915 a composite number?
True
Is 379 composite?
False
Is 25301 composite?
False
Is 97642 composite?
True
Is 531457 prime?
True
Is 43261 prime?
True
Is 10133 a composite number?
False
Is 12671 a prime number?
True
Is 48003 prime?
False
Is 20707 a prime number?
True
Is 555007 prime?
False
Is 773177 a composite number?
True
Is 250109 a composite number?
False
Is 39821 composite?
False
Is 14311 composite?
True
Is 8491 prime?
False
Is 95189 a prime number?
True
Is 902147 composite?
True
Is 54661 prime?
False
Is 6761 a composite number?
False
Is 3581 a composite number?
False
Is 880861 a composite number?
False
Is 7609 a composite number?
True
Is 176627 prime?
False
Is 17369 composite?
True
Is 382289 a prime number?
False
Is 3837629 prime?
True
Is 208927 a composite number?
False
Is 731531 prime?
True
Is 20807 composite?
False
Is 21541 a composite number?
True
Is 47917 prime?
True
Is 163601 a composite number?
False
Is 55433 composite?
True
Is 6733 a prime number?
True
Is 21583 a composite number?
True
Is 756731 composite?
True
Is 1650463 composite?
False
Is 1083701 prime?
False
Is 91909 a prime number?
True
Is 15545 a prime number?
False
Is 70639 a composite number?
False
Is 34297 prime?
True
Is 167285 composite?
True
Is 92029 composite?
True
Is 191 prime?
True
Is 1119947 a prime number?
True
Is 1847 a composite number?
False
Is 822517 a composite number?
False
Is 221129 a prime number?
False
Is 16817 composite?
True
Is 1605371 a prime number?
False
Is 15153 composite?
True
Is 324845 a composite number?
True
Is 40499 prime?
True
Is 10799 a prime number?
True
Is 10618 composite?
True
Is 141023 a prime number?
True
Is 667 a composite number?
True
Is 241387 composite?
True
Is 9181 composite?
False
Is 85 a composite number?
True
Is 151049 prime?
True
Is 194 a prime number?
False
Is 248807 composite?
True
Is 6257 a prime number?
True
Is 2219 composite?
True
Is 10823 composite?
True
Is 23143 a prime number?
True
Is 1280771 a composite number?
True
Is 6315589 a composite number?
True
Is 24655 composite?
True
Is 575537 a prime number?
False
Is 50647 a composite number